30333 (base 5) to base 14.
41c3
What is 565 (base 13) in base 7?
2464
What is -102122 (base 3) in base 15?
-15e
Convert 220010 (base 3) to base 13.
3b1
Convert -327 (base 12) to base 14.
-251
Convert 8002 (base 10) to base 14.
2cb8
Convert -230404 (base 5) to base 7.
-32664
Convert aaa (base 13) to base 6.
12250
Convert 8279 (base 12) to base 14.
5269
-2226 (base 10) to base 3
-10001110
What is -aa (base 14) in base 9?
-176
Convert -4458 (base 14) to base 6.
-130450
a95 (base 12) to base 3
2010112
Convert -289 (base 10) to base 12.
-201
What is 158c (base 15) in base 7?
16335
4ba4 (base 12) to base 11
6527
Convert 21120 (base 3) to base 5.
1304
Convert -1848 (base 9) to base 15.
-64b
-23210321 (base 4) to base 8
-134471
What is 6bd (base 14) in base 15?
5e8
Convert -100111101000001 (base 2) to base 5.
-1122124
Convert -b3 (base 12) to base 15.
-90
What is 48658 (base 9) in base 16?
7f67
Convert -4144 (base 5) to base 14.
-2b3
-22589 (base 10) to base 5
-1210324
-5a10 (base 11) to base 9
-11721
Convert 21554 (base 7) to base 16.
1535
-443065 (base 7) to base 13
-295cc
What is 101111000 (base 2) in base 5?
3001
236 (base 8) to base 3
12212
Convert 10154 (base 8) to base 11.
3182
Convert -3003 (base 9) to base 15.
-9b0
Convert -404445 (base 6) to base 4.
-13312031
Convert 7435 (base 10) to base 9.
11171
3544 (base 9) to base 7
10450
What is -2027 (base 8) in base 13?
-627
Convert -310 (base 11) to base 9.
-455
Convert -710 (base 16) to base 7.
-5162
Convert 26637 (base 8) to base 2.
10110110011111
What is 662 (base 16) in base 13?
989
Convert 1515 (base 6) to base 3.
120002
1420 (base 8) to base 10
784
Convert 131414 (base 5) to base 15.
183e
What is -305 (base 13) in base 10?
-512
Convert 1667 (base 9) to base 11.
a60
What is -1110110100000 (base 2) in base 7?
-31053
Convert -162 (base 12) to base 6.
-1002
What is -21302 (base 4) in base 6?
-2522
-1032301 (base 5) to base 7
-102654
-bb7c (base 13) to base 7
-136115
Convert -1111212112 (base 3) to base 4.
-13101203
What is 301 (base 12) in base 7?
1156
What is 23157 (base 8) in base 2?
10011001101111
-210 (base 11) to base 12
-191
Convert 294b6 (base 13) to base 11.
53435
2102211 (base 3) to base 10
1777
What is 45457 (base 8) in base 5?
1103442
What is -368 (base 10) in base 16?
-170
-13032 (base 6) to base 5
-30324
Convert 5449 (base 12) to base 15.
2b33
What is 1b97c (base 13) in base 4?
31101100
Convert 101100100 (base 2) to base 4.
11210
-1003 (base 7) to base 9
-424
What is 5131 (base 8) in base 2?
101001011001
Convert -57b (base 15) to base 6.
-5425
52716 (base 9) to base 4
20200131
-30746 (base 9) to base 15
-602c
Convert -371 (base 11) to base 16.
-1b9
What is -1baa3 (base 13) in base 6?
-1100315
546 (base 11) to base 10
655
What is ac4 (base 15) in base 13?
1153
Convert 1302 (base 7) to base 14.
272
Convert 124333 (base 5) to base 6.
35000
What is -3741 (base 8) in base 10?
-2017
Convert -5555 (base 11) to base 6.
-53520
Convert -33847 (base 10) to base 14.
-c499
Convert 21536 (base 7) to base 5.
133132
-3202 (base 5) to base 10
-427
-3cc (base 13) to base 8
-1243
Convert 212212022 (base 3) to base 6.
212312
-101110111110 (base 2) to base 6
-21530
-4023 (base 7) to base 13
-82b
13300 (base 5) to base 12
757
Convert 11017 (base 8) to base 10.
4623
Convert -37ac (base 16) to base 14.
-52a0
What is 1c7 (base 13) in base 14?
19a
Convert 2183 (base 10) to base 11.
1705
Convert 20320 (base 7) to base 15.
170d
Convert 345 (base 9) to base 2.
100011100
What is 1122101 (base 3) in base 2?
10010101110
-11110 (base 4) to base 2
-101010100
-11555 (base 6) to base 15
-7a2
-135044 (base 6) to base 8
-30744
What is -a3 (base 16) in base 4?
-2203
What is 1313 (base 6) in base 14?
19b
What is 63b3 (base 16) in base 15?
7868
8340 (base 9) to base 2
1011111011111
-321310 (base 5) to base 4
-2221032
2200100 (base 4) to base 5
312011
What is -2022 (base 11) in base 8?
-5176
What is 808a (base 11) in base 3?
112202000
Convert a648 (base 12) to base 11.
12746
What is -6982 (base 11) in base 15?
-2ab0
What is 710 (base 8) in base 13?
291
13344 (base 8) to base 2
1011011100100
-a940 (base 11) to base 4
-3201223
What is 2554 (base 10) in base 2?
100111111010
393 (base 13) to base 14
32b
What is 130 (base 8) in base 6?
224
Convert -3b7 (base 14) to base 16.
-2ed
Convert -6c1 (base 13) to base 11.
-975
Convert 7a75 (base 11) to base 8.
24561
What is -110110111100 (base 2) in base 14?
-13d2
-4cad (base 16) to base 7
-111141
Convert -114d (base 14) to base 8.
-5701
Convert -174e (base 15) to base 9.
-6802
-20600 (base 7) to base 2
-1001111101000
What is 11 (base 8) in base 15?
9
-10402 (base 6) to base 4
-112202
What is -38061 (base 9) in base 8?
-61742
-1ba2 (base 12) to base 3
-11201012
-42424 (base 5) to base 8
-5460
Convert -1204210 (base 5) to base 13.
-a295
Convert -10210022 (base 3) to base 6.
-20442
-122121002 (base 3) to base 12
-750b
Convert 1005 (base 8) to base 15.
247
Convert -434 (base 12) to base 11.
-510
What is -4110 (base 6) in base 15?
-406
Convert -413 (base 7) to base 10.
-206
Convert 4444 (base 5) to base 15.
2b9
What is -410 (base 12) in base 15?
-293
-53171 (base 8) to base 6
-250253
What is -1552 (base 9) in base 8?
-2235
Convert -1010010000101 (base 2) to base 8.
-12205
What is -4fec (base 16) in base 8?
-47754
What is 1112 (base 7) in base 4?
12101
What is 44386 (base 10) in base 16?
ad62
What is -111542 (base 6) in base 11?
-7151
Convert 132240 (base 7) to base 6.
310530
Convert -1215 (base 13) to base 8.
-4771
What is 2360 (base 14) in base 10?
6160
Convert -41035 (base 6) to base 10.
-5423
Convert -1334 (base 5) to base 14.
-119
-2402 (base 9) to base 12
-1048
Convert -15394 (base 11) to base 4.
-11110002
Convert 124553 (base 6) to base 8.
26265
1042 (base 7) to base 15
19d
-1002100 (base 3) to base 6
-3400
Convert 289 (base 11) to base 14.
1a3
Convert 43450 (base 6) to base 5.
143011
-1c8b (base 14) to base 5
-131334
What is 212632 (base 7) in base 14?
d6c2
Convert -2a3 (base 12) to base 3.
-120020
1136 (base 12) to base 13
b43
What is 1132 (base 7) in base 2?
110011111
What is -32b (base 12) in base 13?
-29c
-20713 (base 9) to base 13
-630c
What is 14573 (base 9) in base 13?
46b3
What is 1aa (base 14) in base 3?
110211
Convert -112531 (base 6) to base 7.
-40201
What is 1bd5 (base 15) in base 4?
1132202
Convert 15770 (base 15) to base 6.
1252140
Convert -6654 (base 7) to base 4.
-211113
What is 3133 (base 4) in base 5?
1343
What is -111 (base 16) in base 11?
-229
-9738 (base 10) to base 3
-111100200
What is 21110210 (base 3) in base 15?
1933
Convert -f39 (base 16) to base 8.
-7471
-110001111011111 (base 2) to base 10
-25567
Convert -23677 (base 8) to base 15.
-3035
46033 (base 8) to base 11
13702
Convert -1338 (base 10) to base 3.
-1211120
232 (base 6) to base 4
1130
Convert 2cac (base 14) to base 15.
257c
What is -b35 (base 16) in base 5?
-42434
11001 (base 5) to base 8
1357
What is -57c (base 15) in base 2?
-10011011010
Convert -602 (base 8) to base 5.
-3021
-26595 (base 10) to base 7
-140352
Convert 13101 (base 10) to base 2.
11001100101101
What is 11022220 (base 3) in base 13?
158a
-11111201 (base 3) to base 4
-303112
-1334324 (base 5) to base 6
-331052
642 (base 8) to base 10
418
Convert 475a8 (base 11) to base 6.
1245340
What is -512 (base 16) in base 6?
-10002
1256 (base 8) to base 16
2ae
What is -e70 (base 15) in base 5?
-101010
-414 (base 15) to base 3
-1021001
What is 138c (base 13) in base 4?
230010
-5230 (base 12) to base 3
-110022000
Convert 5dd4 (base 14) to base 8.
40106
1904a (base 11) to base 3
1100120221
What is 38 (base 13) in base 3?
1202
401 (base 11) to base 7
1262
What is 38613 (base 11) in base 9?
83776
Convert 6568 (base 11) to base 15.
287a
-100011110110 (base 2) to base 11
-17a6
Convert -11 (base 15) to base 2.
-10000
-a149 (base 14) to base 12
-14045
17a (base 11) to base 15
dd
-2204 (base 5) to base 4
-10300
What is -2022143 (base 5) in base 16?
-801e
Convert -10054 (base 6) to base 16.
-532
387 (base 13) to base 5
4433
105 (base 7) to base 6
130
365 (base 9) to base 11
255
What is 158 (base 14) in base 10?
274
-716 (base 9) to base 14
-2d8
Convert -22 (base 7) to base 16.
-10
What is -16015 (base 7) in base 16?
-1177
-430 (base 6) to base 7
-321
Conve